12).
-13
Let t(n) = n + 3. Let w = 12 + 9. Suppose -w = 4*l + 3. Let i be -3*l/(-9)*3. Give t(i).
-3
Let x(r) = -2*r**2 + 2*r - 3. Let o be 282/(-12) + 1/(-2). Let i = o + 26. Calculate x(i).
-7
Let c(n) = -4*n - 1164*n**2 + 1160*n**2 + 5*n + 3*n - 4. Calculate c(2).
-12
Let r be (-28)/21*1*18/(-1). Suppose 0 = d + 3*z - 4, -4*d + r + 26 = -5*z. Let l(q) = -q**3 + 10*q**2. Calculate l(d).
0
Let r = -18 - 7. Suppose 2*v + 2*v = -124. Let b = v - r. Let m(g) = -g**3 - 5*g**2 + 4*g - 6. Calculate m(b).
6
Let x(m) = 8*m - 2*m**2 - 4 + 14 + 4*m**2 - m**2. Suppose 3*y = -2*y + 3*h - 46, 0 = -4*y - 4*h - 24. Calculate x(y).
10
Let d = 71 + -60. Let g(v) = d + 3*v - 2 - 4*v. Determine g(6).
3
Let j(h) = -1473 + 1472 + h**3 + 3*h + 4*h**2 - 3*h**2. Calculate j(3).
44
Let c(m) = 4*m - 4. Let y(d) = 8*d - 7. Let x(o) = -7*c(o) + 3*y(o). Determine x(5).
-13
Suppose -60 = 20*n - 8*n. Let j(i) = -i**3 - 5*i**2 + 1. Determine j(n).
1
Suppose -2*n = 7 - 13. Let h(y) be the second derivative of y**4/6 - y**3/6 + y - 7. What is h(n)?
15
Let x(t) = -t**2 - 4*t - 4. Let g(q) = 34*q + 98. Let b be g(-3). Determine x(b).
-4
Let f(r) = r**3 - 5*r**2 - 4*r - 4. Let s(u) = -u - 3. Let x be s(-5). Suppose 5*z - 27 = -2*y, -y + 7 = -2*z - x. Suppose 0 = -c - 5 + y. Calculate f(c).
8
Let w(g) be the second derivative of -g**4/12 + 5*g**3/6 + 3*g**2/2 + 2*g - 278. What is w(0)?
3
Let h(w) = -7*w - 108*w**2 + 54*w**2 - 5 + 52*w**2. Let z be (-462)/121 + 4/(-22). Determine h(z).
-9
Let o(y) = y**3 - 13*y**2 - 4*y + 17. Let h(v) = -2*v + 21. Let n be h(10). Let a(t) = -t + 1. Let p(k) = n*o(k) - 3*a(k). Determine p(13).
1
Let p(h) = h**3 + 14*h**2 - 11*h + 56. Let x(g) = 25*g - 515. Let q be x(20). What is p(q)?
-4
Let x(q) = q**2 - 2*q - 12. Let c be x(0). Let h(a) = -a**3 - 11*a**2 + 11*a - 18. What is h(c)?
-6
Suppose 2*m - h = -3*m + 41, 2*m + 2*h - 14 = 0. Let p(z) = z**2 - 4*z - 4. Calculate p(m).
28
Let q(f) = -4*f**2 - 4*f - 20. Let a(p) = -p**2 - p - 6. Let b(d) = 7*a(d) - 2*q(d). Calculate b(5).
28
Let d(x) = x + 12. Let y be 2/7 - (-3456)/(-189). Determine d(y).
-6
Let r(b) = 13*b**3 - b**2 - b - 1. Let n = -132 - -135. Suppose -2 = -4*k + 6, 4*k - n = -5*i. Calculate r(i).
-14
Let u(w) be the first derivative of 1/120*w**6 - 6 + 4*w**2 + 1/2*w**3 + 0*w + 1/15*w**5 + 1/6*w**4. Let m(c) be the second derivative of u(c). Give m(-3).
0
Let c(b) = -5*b + 44. Let n(r) = -13*r + 90. Let h(w) = -7*c(w) + 3*n(w). Give h(-11).
6
Let r(x) be the second derivative of x**4/3 - x**3/3 - x**2/2 + x. Suppose -8*q = -10*q + 8. Let d be q*(-4)/8 - -4. Give r(d).
11
Let w(j) = -j - 1. Let r(f) = -f**3 + 8*f**2 - 7*f + 8. Let u(i) = r(i) + w(i). Give u(7).
0
Let b = -75 + 82. Let f(l) = -l**3 + l**2 - l - 1. Let p(m) = -7*m**2 + 7*m - 3. Let q(a) = -f(a) + p(a). Determine q(b).
5
Let t(o) = -4 - o - 2 + 3. Suppose v + 3*g = -7, -5*g + 6 + 1 = -v. Calculate t(v).
4
Suppose -3 = 3*v + 60. Let x = v - -26. Let q(m) = x*m + 1 + 0*m - m + m. Give q(1).
6
Let t(c) = -c - 5. Let r be t(-5). Let p be 0/(3 + r) + 6. Let f be -3*(-1)/p*0. Let b(k) = -k**3 - k**2 + 10. Calculate b(f).
10
Let t(m) = -m**2 - 12*m - 9. Let x = -500 - -490. What is t(x)?
11
Let t = 341 - 347. Let y(m) = -m**3 - m. Suppose 5*h - 2 = 3. Let k(c) = c**3 - 2*c**2 - 5*c. Let w(p) = h*k(p) + t*y(p). Determine w(1).
6
Let c(s) be the second derivative of -s**4/12 + 2*s**3/3 - s**2 - s - 6. Determine c(6).
-14
Let d(n) = 8*n**2 - 9*n - 3 + 5 + n**3 - 1. Let t be d(-9). Let j(m) = 6*m - 1. Give j(t).
5
Let i(w) = -w**2 - 4*w - 5. Suppose -x = 10 - 3. Calculate i(x).
-26
Let j be 5 - (6/2)/6*0. Suppose j*m - 3*s = 6 + 24, 0 = 5*m + 3*s - 30. Let x(i) = -i + 5. Determine x(m).
-1
Let z be (-1)/6 + (-228)/(-72). Let i(n) = -5*n + n**3 + 2 + 0*n**2 + 3*n**2 - 5*n**2 + 0*n**3. Give i(z).
-4
Suppose 7 = -18*n + 115. Let d(u) = u**2 - 10*u + 8. What is d(n)?
-16
Let u(r) = r - 6. Let d(q) = 3*q - 24. Let l(o) = d(o) - 4*u(o). Let t(b) = 4*b**3 - 2*b**2 + 1. Suppose y = -y - 2. Let j be t(y). Give l(j).
5
Let n(c) be the second derivative of -1/12*c**4 + 0 - 8*c - 4/3*c**3 - 3*c**2. Calculate n(-5).
9
Let l(m) = m + 15. Let a(f) = 0 - 4 + 1 + 0. Let p(d) = 11*a(d) + 2*l(d). Let i = 41 + -45. Give p(i).
-11
Let s(d) = -5 + 3*d - 5*d + 3*d. Let g = -66 + 70. What is s(g)?
-1
Let a(k) = k**2 + 9*k - 9. Let c = 3 - -1. Suppose -14 = 6*l - c*l. Give a(l).
-23
Let x(p) = 2*p - 2. Let c be x(2). Let g(n) = -905 - 3*n**2 + 0*n**3 + 907 + n + n**3. Determine g(c).
0
Let n be (-2 + 0)*(-11 - (-9 - -3)). Let o(p) = -p - 4. What is o(n)?
-14
Let w be (-4)/(-3 - (-2 + 0)). Suppose w*c - 6 = c. Let p(a) = a + 2. Determine p(c).
4
Let s(n) = 19*n + 4*n**2 - 6*n + 19 - 3 - 3*n**2. Let i be s(-12). Suppose 0 = 3*w - i*p + 26, w - 2 = -4*p + 16. Let d(x) = -x + 1. Determine d(w).
3
Let u(b) = -6*b**2 + 3*b - 1. Let z be u(2). Let d be (224/(-84))/(39/18 + -2). Let j = d - z. Let k(n) = -2*n + 3. What is k(j)?
-3
Let o(h) = -7*h - 4. Let v(l) = -8*l - 7. Let x(z) = -4*o(z) + 3*v(z). Calculate x(2).
3
Let l be (-39)/26*(-4)/72. Let z(b) be the second derivative of 3*b + 1/20*b**5 + 0 + 1/6*b**3 + b**2 + l*b**4. What is z(2)?
16
Let i(w) be the first derivative of w**5/120 - w**4/24 + 4*w**3 + 11. Let j(f) be the third derivative of i(f). Give j(2).
1
Let q = 892 - 888. Let c(m) = m**2 - 3*m. Calculate c(q).
4
Let v(h) be the second derivative of -h**8/6720 + h**7/315 - h**5/60 + 11*h**4/4 - 29*h. Let r(m) be the third derivative of v(m). What is r(8)?
-2
Let j(c) = c + 6. Let n be (-4 + (0 - -4))/1. Suppose n = 5*t + 5*m + 65, 3*t - 8*t - 3*m = 57. Calculate j(t).
-3
Let o(r) = 2*r**2 + 5*r - 12. Suppose 14*m = -18 - 52. Determine o(m).
13
Let c(z) be the second derivative of 2*z**2 - 2*z - 1/6*z**3 - 1/12*z**4 + 0. Let d be (2/3)/((-2)/12). Determine c(d).
-8
Let l(t) be the second derivative of t**6/240 + t**5/30 + t**4 + 7*t. Let r(s) be the third derivative of l(s). What is r(-6)?
-14
Let n be ((-3)/6)/(3/(-18)). Suppose n*u = -3*a - 12, a - u = -2*a - 8. Let r be -2 - 4/1 - a. Let x(f) = f**3 + 3*f**2 + f + 3. What is x(r)?
0
Suppose -10 = -10*z - 70. Let f(s) = s - 3. Determine f(z).
-9
Suppose -7*f + 433 = 440. Let h(o) = -23*o - 1. What is h(f)?
22
Let i(a) = a**2 - 5*a - 1. Let q(f) = -2*f - 11. Suppose -3*r + 5*r = -16. Let t be q(r). Let s be i(t). Let d(g) = 5*g + 1. Give d(s).
-4
Let w(j) = -j + 4*j - 6*j + 4*j. Let i = 6 + 0. Let x be (-57)/(-12) - i/8. Calculate w(x).
4
Let a = -38 - -40. Suppose -4*k = 4*q + 8, a*k - 6*k - 2 = -2*q. Let y(s) = 7*s**2 + 1. Calculate y(k).
8
Let t(p) be the first derivative of p**2 + 12*p + 6. Let l be t(-5). Let j(w) = 2*w**2 - 2*w**2 + w + w**l + w**3 + 11. What is j(0)?
11
Let i(q) = 8*q**2 - 5*q + 2*q - 1 + 3*q + 2*q. Let r(m) = 0 + 4*m + 6 - 3*m. Let w be r(-5). What is i(w)?
9
Let q = 1262 + -3782/3. Let n(v) be the first derivative of 0*v**2 + 1/4*v**4 - 3*v + q*v**3 + 10. Calculate n(-3).
6
Let v(s) = 7 + 264*s - 132*s - 130*s. Calculate v(-3).
1
Let d(h) = h**2 - 18*h + 91. Let l be d(11). Let u(f) = f - 18. Calculate u(l).
-4
Let h = 65 - 12. Let i = 52 - h. Let v(f) be the first derivative of f**4 - f**3/3 - f**2/2 - 1. Calculate v(i).
-4
Let b(n) = n - 4. Let w be b(3). Let d(r) = 5*r**2 + 3*r. Let g be d(w). Let x(y) = y**3 + y**2 - 2. Give x(g).
10
Let q be 15*2/12*2. Suppose -144 = -4*f + q*x, -5*x - 24 = -4. Suppose 5*w = -5*k + 55, -w - w + f = 5*k. Let g(j) = j - 4. Calculate g(w).
4
Suppose -5*r - 20*v - 36 = -16*v, 2*v = r + 10. Let k(l) = 2*l + 23. Calculate k(r).
7
Suppose -2*s + 6 = -2*b, -54 = -5*b - 2*s - 34. Let g(n) be the first derivative of -8 + n**2 + 1/4*n**4 - 5/3*n**3 + b*n. Determine g(2).
-6
Suppose -7 - 2 = 9*v. Let f(n) = 6*n**3 - n**2 + 3*n + 1. Let p(u) = u**3 + u + 1. Let i(o) = v*f(o) + 5*p(o). What is i(3)?
-8
Let r(p) = 10 + 89*p - 100*p + 2*p**2 + 2. Give r(5).
7
Let v(d) be the first derivative of -d**2/2 - 12*d - 31. Calculate v(-6).
-6
Let w(z) = z**2 + 5*z + 2. Let c be w(-5). Suppose 5*y - 5 - 6 = 4*u, -c*u - 1 = -y. Let k(r) = r**2 - 6*r + 2. What is k(y)?
-7
Let z(b) = 2*b + 3. Let j(y) = -37*y**2 + y - 1. Let m be j(1). Let t = m - -31. Determine z(t).
-9
Let l(s) = 2*s**3 - s**2 - 2*s. Let w(p) = 4*p**2 + p. Let c be w(1). Suppose -3 = -4*k + c. 